- 85 = 4*j - o*g. List the prime factors of (-1)/(-7) + 166/j.
2, 3
Let i be 75/15 - (0 - -1). Suppose -3*u = -0*u - 3*j - 15, 0 = i*u + 3*j + 15. Suppose u*b = b - 57. What are the prime factors of b?
3, 19
Let c = -24 - -27. Suppose 4*a - 374 = -2*x, -x + 748 = c*x + a. List the prime factors of x.
11, 17
Let l = 22 - 13. Suppose -z - 2*z - l = 0, -5*z = 2*n - 9. Suppose 8*v = -2*q + 3*v + 36, -n = q - 5*v. List the prime factors of q.
2
Let y(t) = t**3 + 41*t**2 + 119*t + 35. List the prime factors of y(-37).
2, 277
Let q = 280 + 489. What are the prime factors of q?
769
Suppose -63*l = 3*l - 283272. What are the prime factors of l?
2, 29, 37
Let h(t) = 2*t**2 - 6 - 5*t**2 + 4*t**2 + 0*t**2. List the prime factors of h(10).
2, 47
Suppose 0 = 4*h - 3*b - 263, 133 = 2*h - 4*b + b. List the prime factors of h.
5, 13
Let c(u) = -u**3 + 17*u**2 - 16*u + 5. Let h = -27 - -43. List the prime factors of c(h).
5
Let m(b) = -b**3 + 17*b**2 - 15*b - 15. Let g be m(16). Let s(z) = 144*z. Let r be s(g). Suppose 4*v = -0*v + r. List the prime factors of v.
2, 3
Let i(b) = -b**2 - 14*b - 7. Let l be 24*((-2)/6 + 1). Let u = 6 - l. What are the prime factors of i(u)?
3, 11
List the prime factors of (-8590)/4*(108 + -110).
5, 859
Let s(f) = -18 - 10*f**2 - 5*f**2 - 2*f**3 + f**2 - 2*f - 2*f. What are the prime factors of s(-8)?
2, 71
Let a(l) = -15*l**3 - l**2 - 2*l. Let d be a(-3). What are the prime factors of d/6*(-2 - -3)?
67
Let f = -823 - -816. Let d(k) be the second derivative of -k**3 - 13*k**2/2 + k. What are the prime factors of d(f)?
29
Let l be 0/((-10)/(-7 - -2)). Let k = 1 + -2. What are the prime factors of k - (l - -1) - -30?
2, 7
Let r be 2 + (-4)/(-4)*3. Suppose 65 = 2*a - l, a - r*a = 5*l - 151. List the prime factors of a.
2, 17
Suppose -v = -4, -1393 = -3*g + 4*v + v. List the prime factors of g.
3, 157
Suppose 5*c - m = 12 + 137, 0 = -c - m + 31. Suppose -i + 12 = 5*g - 29, 0 = 2*i + g - 46. Let k = c + i. What are the prime factors of k?
3, 17
Suppose -130 = 3*r - 8*r - 5*i, -3*i - 6 = 0. Let g(y) = 7*y + 7 - y**2 - r*y**3 - 3*y**2 + 27*y**3. What are the prime factors of g(-6)?
37
Let k(f) = -f**3 + f**2 + 3*f - 1. Let p be k(3). Let c(s) = -s**2 - 6*s + 7. Let d be c(p). Let q = d + 55. List the prime factors of q.
2, 11
Let a(r) = r**2 + 3*r - 8. Let p be a(-5). Suppose -p*z + 62 = -z. List the prime factors of z.
2, 31
Let k(q) = -16*q**2 - q + 2. Let h be k(-2). Let o be (-80)/(-6)*(-216)/h. List the prime factors of (3/4)/(3/o).
2, 3
Let t = 22 - -5. Let m(j) = j**2 + 1. Let z be m(-1). Suppose -z*c + 3 = -t. What are the prime factors of c?
3, 5
Let v(r) = 3*r + 7. Let x be v(15). Let z = x + -11. Let m = z + -23. What are the prime factors of m?
2, 3
Suppose 0 = -21*b + 858 + 3153. List the prime factors of b.
191
List the prime factors of (-74)/(-10) - 8 - (-1464)/15.
97
Suppose -12*l + 466 = -3038. Let i = l - 206. List the prime factors of i.
2, 43
Let k = -365 + 432. List the prime factors of k.
67
Let m = 56 + -32. Let x be (m/16)/(6/8). Let s = 2 + x. What are the prime factors of s?
2
Let p be (2886/(-24))/(2/(-8)). Let s = 753 - p. List the prime factors of s.
2, 17
Let n(y) = -164*y + 192. List the prime factors of n(-4).
2, 53
Let u = -7 - -14. Let g = 214 - 58. Suppose u*t + g = 10*t. What are the prime factors of t?
2, 13
Let o(v) = v**2 + 13*v + 14. Let d be o(-12). Suppose -54 + 22 = -d*u. Suppose -3*k = -11 - u. List the prime factors of k.
3
Let z(f) be the first derivative of -f**4/2 + 17*f**3/3 - 3*f**2/2 - 11*f + 17. List the prime factors of z(7).
5, 23
Let c = -494 - -1900. What are the prime factors of c?
2, 19, 37
Suppose 2*s - 131 - 97 = 0. Suppose -s = -3*n - 0*n. List the prime factors of n.
2, 19
Let d = -411 - -472. List the prime factors of d.
61
Let p(s) = s**3 - 4*s**2 + 2. Let v(a) = 4*a - 3. Let c be v(2). Let j be p(c). Suppose -g = -19 - j. What are the prime factors of g?
2, 23
Suppose -4322 - 1728 = -22*a. List the prime factors of a.
5, 11
Suppose 59*m - 55*m = 24. Let r(n) = -n**2 + 4*n + 3. Let l be r(4). Suppose -s = -l*s + m. List the prime factors of s.
3
Let n(a) = -a**2 - 24*a - 25. Let h be n(-17). Let g = h - 52. What are the prime factors of g?
2, 3, 7
Let i = 341 - 224. Let z = i - -28. List the prime factors of z.
5, 29
Let w = 112 - 44. List the prime factors of (-4 + 6)/(4/w).
2, 17
Let u(a) = -1. Let z(r) = -65*r - 11. Let t(w) = 3*u(w) - z(w). What are the prime factors of t(2)?
2, 3, 23
Let q(i) = 5*i**2 + 50*i. Let r be q(-10). Suppose r = 14*d - 12*d - 110. What are the prime factors of d?
5, 11
Suppose u + 3*s + 6 = 0, 2 = -4*u - 4*s - 6. Suppose u*b = -b + 88. Let a = 126 - b. List the prime factors of a.
2, 19
Suppose 7*m = 10*m - 1080. Suppose -3*h = h + m. List the prime factors of (-1)/(h/44 - -2).
2, 11
Let y = 38 - 87. List the prime factors of (-651)/y - ((-9)/(-7) + -1).
13
Let h = 60 + -56. List the prime factors of (-4 + (h - 7))*-3.
3, 7
Let u be 12/16*4/(-6)*2. Let i(s) = -110*s - 2. What are the prime factors of i(u)?
2, 3
Let s be (-1 - -2)*-2 + -40. Let y = s + 77. What are the prime factors of y?
5, 7
Suppose -3*b - 12 = 2*i, i + 5*b + 20 = 3*i. Suppose i*v + 209 = v. List the prime factors of v.
11, 19
Let z = -23 + 13. Let r = -17 - z. Let m(o) = -o**2 - 7*o + 3. What are the prime factors of m(r)?
3
Let v(x) = 450*x - 73. What are the prime factors of v(2)?
827
Let a be -2 + (-40)/(-18) - (-1696)/(-18). Let r = -52 - a. What are the prime factors of r?
2, 3, 7
Let z be -1*(1 + -1 + -5 + -2). Suppose 11*l = z*l + 88. List the prime factors of l.
2, 11
Let u = 292 + -289. Suppose -436 = -5*c - 4*i + 731, i - 938 = -4*c. Suppose 5*q + h - c = 0, u + 7 = 2*h. What are the prime factors of q?
2, 23
Let o = -5 + 23. Suppose 3 = -u + o. What are the prime factors of 6/(-4)*(-310)/u?
31
Suppose 0*i - 42 = j + 5*i, -2*i - 4 = 0. Let g = 36 + j. Suppose 5*c = 2*b - 125, -5*b = -2*b - g*c - 177. What are the prime factors of b?
5, 11
Let c = 1065 - 418. What are the prime factors of c?
647
Let q = -1628 - -2736. What are the prime factors of q?
2, 277
Let p(f) = -22 + 3 + 2*f - 1 - 6. Let o(a) = a**2 - 2*a - 1. Let t be o(5). List the prime factors of p(t).
2
Let x = 47 + -50. Let p(k) = -31*k + 16. What are the prime factors of p(x)?
109
Let f = 10 - 10. List the prime factors of (-2 - f - 1) + 59.
2, 7
Suppose -14 = -5*o + 11. Let y(c) = -2*c + 12. Let i be y(o). Suppose i*a - 5*a + 57 = 0. What are the prime factors of a?
19
Let f(n) = 13*n - 27. Let u be f(5). Suppose -740 + u = -6*i. What are the prime factors of i?
3, 13
Let d(a) = 2*a**2 - a + 9. Suppose 54 = 5*j - 2*z + 4*z, -4*z - 12 = -2*j. Let c = -6 + j. List the prime factors of d(c).
37
Let s(w) = 24*w**2 + w. Let x(i) = -i**3 + 2*i**2 - i + 1. Let q = 9 + -7. Let g be x(q). List the prime factors of s(g).
23
Let o = 21 + -49. Suppose -5*b + 5*r = -4*b + 7, -3*r - 40 = 2*b. Let z = b - o. List the prime factors of z.
11
Let d be 1/3 - (-22)/6. Let n be 0 - -40 - (d + -4). Let w = n - 27. What are the prime factors of w?
13
Suppose -175 = 4*t - 9*t. Suppose 2*p - w - 4*w = -15, 3*w = -4*p + t. Suppose p*f - 35 = -5. List the prime factors of f.
2, 3
Suppose -8*s = 2*v - 4*s - 90, -5*s = -4*v + 219. List the prime factors of v.
3, 17
List the prime factors of ((-16282)/28)/((-2)/8).
2, 1163
Suppose 80 = 2*u + 2*u. Let w = 85 - u. What are the prime factors of w?
5, 13
Let y be (-9)/15*(-3 - 0 - 232). Suppose -131 = -2*n + y. What are the prime factors of n?
2, 17
What are the prime factors of (-148)/37 + 682 + (1 - 1)?
2, 3, 113
Let z(n) = 35*n - 15. Let q(p) = 53*p - 22. Let a(v) = -5*q(v) + 7*z(v). List the prime factors of a(-3).
5, 13
Suppose 0 = 4*i - 8, 0 = -4*m - 4*i + 2*i - 8. Let f be 25 - (m + (-12)/(-3)). What are the prime factors of f/(-6) + 46 + 0?
2, 3, 7
Suppose 0 = 27*h - 31*h + 392. Suppose a + h = 268. What are the prime factors of a?
2, 5, 17
Suppose 5*z + 1 - 25 = -4*j, -15 = 5*j - 5*z. Suppose -4 = n - 2*d, 2*n = 5*d + j - 12. Let q(b) = 11*b - 2. List the prime factors of q(n).
2, 5
Suppose 1017*d = 1001*d + 32848. What are the prime factors of d?
2053
Suppose -3*s + t = -2216, 3*s + 4*t - 2965 = -744. What are the prime factors of s?
739
List the prime factors of (-4 - 1